greatest common factor of 9447 and 27.
3
Calculate the greatest common factor of 5290 and 6870.
10
Calculate the greatest common divisor of 294 and 354963.
21
What is the highest common factor of 9331 and 860?
43
Calculate the greatest common factor of 8142 and 506928.
354
What is the highest common factor of 640819 and 723?
241
What is the highest common divisor of 535664 and 10?
2
What is the highest common factor of 72874 and 166?
166
Calculate the highest common factor of 1061 and 2.
1
What is the greatest common factor of 11055 and 4824?
201
Calculate the highest common factor of 1936 and 297.
11
Calculate the greatest common divisor of 168 and 448.
56
Calculate the highest common factor of 24 and 164748.
12
Calculate the greatest common divisor of 1196 and 15964.
52
What is the highest common factor of 102 and 920057?
17
What is the greatest common factor of 108 and 41568?
12
Calculate the greatest common factor of 2032 and 288.
16
Calculate the highest common factor of 34853 and 182.
91
What is the greatest common factor of 3746443 and 1054?
527
Calculate the greatest common factor of 150 and 240885.
15
What is the highest common divisor of 2290 and 259228?
458
What is the highest common factor of 8507 and 14147?
47
What is the highest common factor of 12843 and 117?
9
What is the greatest common divisor of 365573 and 610?
61
What is the greatest common divisor of 13419 and 2457?
189
Calculate the greatest common factor of 97202 and 6026.
262
Calculate the highest common factor of 37530 and 6.
6
What is the greatest common factor of 41 and 103689?
41
What is the greatest common divisor of 4735 and 400?
5
Calculate the greatest common factor of 11128 and 778104.
856
Calculate the greatest common divisor of 3120 and 77090.
130
What is the highest common factor of 24 and 320?
8
Calculate the highest common divisor of 2919 and 31275.
417
What is the highest common divisor of 32 and 50910?
2
What is the highest common divisor of 4446 and 11934?
234
What is the highest common divisor of 31960 and 10?
10
What is the greatest common divisor of 39 and 496821?
39
Calculate the greatest common divisor of 270 and 52590.
30
What is the highest common divisor of 8848 and 39263?
553
Calculate the greatest common divisor of 3430305 and 465.
465
What is the greatest common divisor of 1066877 and 98?
49
Calculate the greatest common factor of 21204 and 496.
124
What is the highest common divisor of 39000 and 39?
39
What is the greatest common factor of 2 and 908338?
2
Calculate the highest common factor of 1896 and 42216.
24
Calculate the highest common divisor of 15504 and 1836.
204
What is the highest common divisor of 720 and 16944?
48
Calculate the greatest common divisor of 2408991 and 494.
247
Calculate the greatest common factor of 966066 and 354.
354
What is the greatest common divisor of 594407 and 473?
11
Calculate the highest common factor of 1226 and 16551.
613
What is the highest common factor of 1660362 and 484?
242
Calculate the highest common factor of 76 and 3948675.
19
What is the highest common divisor of 2948 and 3417?
67
What is the highest common divisor of 506836 and 4?
4
Calculate the greatest common factor of 519 and 20933.
173
Calculate the greatest common divisor of 76591 and 6416.
401
What is the highest common divisor of 188406 and 90?
18
What is the greatest common factor of 142925 and 725?
25
What is the greatest common factor of 57 and 43282?
19
Calculate the highest common divisor of 113090 and 5160.
430
What is the greatest common divisor of 786 and 1854?
6
What is the greatest common factor of 737 and 988585?
67
Calculate the highest common divisor of 12696 and 25921.
529
Calculate the highest common divisor of 7119855 and 738.
369
What is the greatest common divisor of 249940 and 8?
4
Calculate the highest common divisor of 9184 and 1518230.
574
What is the greatest common divisor of 86686 and 178?
178
What is the highest common factor of 5210859 and 1812?
453
Calculate the greatest common factor of 21219 and 132.
33
Calculate the greatest common divisor of 9577 and 157.
157
Calculate the highest common factor of 140 and 4951135.
35
Calculate the highest common divisor of 10205 and 585.
65
Calculate the greatest common divisor of 27660 and 210.
30
Calculate the highest common divisor of 55322 and 4378.
398
What is the highest common divisor of 502158 and 4191?
381
What is the highest common divisor of 72848 and 314?
314
What is the greatest common divisor of 148 and 12276?
4
Calculate the greatest common factor of 2358 and 57.
3
Calculate the highest common divisor of 4698169 and 98.
49
What is the greatest common divisor of 56 and 999600?
56
Calculate the highest common factor of 35016 and 60.
12
Calculate the greatest common factor of 319956 and 117.
39
Calculate the highest common factor of 636 and 4584712.
212
Calculate the highest common divisor of 1742 and 7878.
26
Calculate the highest common divisor of 86 and 448490.
86
What is the highest common factor of 115 and 462185?
115
What is the greatest common divisor of 86040 and 720?
360
Calculate the highest common divisor of 159350 and 350.
50
Calculate the greatest common factor of 243696 and 32.
16
Calculate the highest common divisor of 1922083 and 515.
103
Calculate the greatest common divisor of 68600 and 1600.
200
Calculate the highest common factor of 1111 and 267355.
11
Calculate the highest common factor of 26261304 and 1032.
1032
What is the highest common factor of 480 and 11216?
16
Calculate the highest common factor of 57835 and 430.
215
What is the greatest common divisor of 15585 and 5685?
15
Calculate the greatest common divisor of 4508009 and 187.
187
Calculate the highest common divisor of 32824 and 1364.
44
What is the greatest common divisor of 1160 and 23490?
290
Calculate the highest common divisor of 2270 and 34958.
454
Calculate the greatest common divisor of 14906 and 725.
29
What is the greatest common factor of 10475 and 675?
25
Calculate the highest common divisor of 285683 and 46.
23
Calculate the highest common factor of 50 and 68525.
25
What is the greatest common factor of 3944 and 5162?
58
What is the highest common divisor of 17160 and 178200?
1320
Calculate the highest common factor of 5620 and 380.
20
What is the highest common divisor of 182 and 64246?
182
What is the greatest common divisor of 50 and 2442175?
25
Calculate the greatest common divisor of 918670 and 15.
5
Calculate the greatest common divisor of 1354239 and 18.
9
What is the highest common divisor of 115 and 4855?
5
What is the highest common divisor of 230 and 10718?
46
Calculate the highest common divisor of 8 and 11061.
1
What is the highest common divisor of 2057 and 2363?
17
Calculate the greatest common factor of 10241 and 270237.
209
What is the greatest common divisor of 5700 and 52?
4
Calculate the highest common divisor of 4680 and 40131.
117
Calculate the greatest common divisor of 957 and 337299.
87
What is the highest common factor of 15 and 1065375?
15
Calculate the highest common divisor of 187665 and 135.
15
Calculate the highest common divisor of 295587 and 36.
9
What is the highest common factor of 83881 and 644?
161
What is the highest common divisor of 5410981 and 34?
17
Calculate the greatest common factor of 2391 and 27.
3
What is the highest common factor of 47980 and 280?
20
What is the greatest common divisor of 760 and 226613?
19
Calculate the highest common factor of 112 and 73696.
112
What is the greatest common divisor of 2492 and 796372?
356
What is the greatest common divisor of 444 and 1092?
12
Calculate the highest common divisor of 112 and 1596.
28
Calculate the highest common factor of 15196 and 1508.
116
Calculate the highest common factor of 125184 and 18.
6
Calculate the greatest common divisor of 5957 and 4144.
259
What is the highest common divisor of 332 and 210737?
83
Calculate the greatest common factor of 156 and 201812.
52
Calculate the highest common divisor of 17266 and 970.
194
Calculate the greatest common factor of 247 and 49517.
13
What is the highest common divisor of 753 and 220127?
251
What is the highest common factor of 2 and 7814?
2
Calculate the greatest common factor of 9 and 1594296.
9
Calculate the